+ -57. What are the prime factors of n?
3, 13
Suppose 0 = -k + 5 + 3. Let z(u) = -4*u**3 - 4 + 4*u**3 - k*u + 5*u**2 - 8*u**2 + u**3. List the prime factors of z(6).
2, 7
Suppose 12 = n - 2. Suppose 1062 = n*g - 11594. What are the prime factors of g?
2, 113
Let t(s) be the first derivative of s**6/360 + s**5/10 + 3*s**4/4 - 10*s**3/3 - 16. Let f(i) be the third derivative of t(i). List the prime factors of f(-13).
31
Let c(j) = j**3 - 5*j**2 - 5*j + 25. Let l be c(5). Suppose l = -35*w + 17*w + 1386. List the prime factors of w.
7, 11
Suppose -5*r = -2*k + k - 177, -4*k - 132 = -4*r. Suppose 5*h - 2*a = 2*h - r, -5*a = -5*h - 65. List the prime factors of (-2)/h + -4 + (-1358)/(-10).
2, 3, 11
Let f = -119 + 189. Let g be 7*24/f*5. What are the prime factors of -414*(-2 + g/8)?
3, 23
Let h be (3 - (-41)/(-5)) + (-1)/(-5). Let z(y) = 3*y**2 + 6*y - 15. What are the prime factors of z(h)?
2, 3, 5
What are the prime factors of (-45985 - 0)*(-603)/1005?
3, 17, 541
Suppose -5*v = -3*m + 10 + 12, m - 8 = 2*v. Suppose m*s + 2*b = 3850, s + 3*b - 592 - 363 = 0. List the prime factors of s.
2, 241
Suppose -31287 = -5*s - n + 11501, -17120 = -2*s + 2*n. List the prime factors of s.
2, 11, 389
List the prime factors of ((-58)/(-8)*2)/((-4)/(-1872)).
2, 3, 13, 29
Suppose w - 6*w - 5*h - 4210 = 0, -3*w - 2516 = 5*h. Let q = 1338 + w. What are the prime factors of q?
491
Let h(l) = 30*l**2 - 4*l - 6. Let f be h(-4). Suppose o + 6*o - f = 0. Let w = o + -26. List the prime factors of w.
2, 11
Suppose -4*l + o + 14 = 0, -5*o = l + 7 - 0. Suppose -l*n + 85 = 70. Suppose 4*j = 2*s - 154, n*s = -j - 156 + 508. What are the prime factors of s?
71
Let g = 27499 + -105. What are the prime factors of g?
2, 13697
Let u(h) = 35*h**2 - 71*h - 1532. List the prime factors of u(-32).
2, 5, 31, 59
Suppose -13 = -4*u + 5*s, -4*u - 4*s + 16 = -24. List the prime factors of (2 - -2) + -6*(u + -10).
2, 11
Let v(s) = s**3 + 11*s**2 + 10*s + 3. Let g be v(-10). Suppose -1026 = -3*j + 2*i, -2*j - 2*i + 1726 = g*j. List the prime factors of j.
2, 43
Let o be 271 - -12 - (-4)/(-1). Let p = o - -46. What are the prime factors of p?
5, 13
Let t(s) = 4*s**3 - 61*s**2 + 23*s + 23. List the prime factors of t(22).
13597
Suppose 0 = -99*b + 1419724 - 529912. List the prime factors of b.
2, 3, 7, 107
Let g = -7539 + 14614. List the prime factors of g.
5, 283
Suppose -3*y + 1113 = -2*s, -1143 = 61*s - 59*s + 3*y. Let h = s - -833. What are the prime factors of h?
269
Let d = -10726 + 10726. Suppose -2*u - 476 = 3*k - 5*k, 0 = -5*u + 25. Suppose 2 = o - 3, 2*z - o - k = d. What are the prime factors of z?
2, 31
Suppose 3*x + 6031 - 20619 = 17038. What are the prime factors of x?
2, 3, 7, 251
Suppose -18*y + 26*y = 0. Suppose q - 19 - 130 = y. What are the prime factors of q?
149
Suppose -l = 4*k - 3*k + 1, -29 = -k + 5*l. Suppose -2*b = b + c - 256, 0 = 2*b - k*c - 152. Suppose -87*n = -b*n - 579. List the prime factors of n.
193
Let k be (-117)/27 - 5 - 1/(-3). Let p(j) = -5*j + 50. What are the prime factors of p(k)?
5, 19
Let i(s) = 60*s + 382. What are the prime factors of i(2)?
2, 251
Suppose 5*d + 109*i - 110*i = 126391, -3*d - 3*i + 75831 = 0. List the prime factors of d.
2, 3, 11, 383
Let k(u) = 24*u + 97. Let s be k(4). Suppose -3*f - 40 = -o, -5*f + 4*f = -4*o + s. What are the prime factors of o?
7
Let g = 247 - 137. Let u = 844 + g. What are the prime factors of u?
2, 3, 53
Let g(k) = 462*k**2 + 7*k + 2. Let s(x) = -x**3 - 14*x**2 - 13*x - 1. Let a be s(-13). What are the prime factors of g(a)?
457
Let i = 1620 + -1484. Suppose 5*u = 5 + 5, 4*v - 5*u - 826 = 0. Let b = v - i. List the prime factors of b.
73
Let m(p) = p**3 + 43*p**2 + 23*p - 190. What are the prime factors of m(-39)?
19, 263
Suppose 4*i - 2*r + 6 = 0, -6*i = -3*i + 4*r - 1. Let n(f) be the first derivative of -51*f**4/2 + f**3/3 + f**2/2 + f + 4. List the prime factors of n(i).
103
Let k be 1 + (-3206)/(-5) - 23/115. Suppose 0 = -j + k + 195. What are the prime factors of j?
3, 31
Suppose 2*c + w + 5 = 0, 20 = -3*c + 2*c - 4*w. Suppose c*d = -8*d + 392. What are the prime factors of d + (-8)/(-2 + -2)?
3, 17
Let q = 3461 - 2081. Suppose -y = 9*y - q. Suppose 78*j = 80*j - y. What are the prime factors of j?
3, 23
Suppose -9*i + 60054 + 51117 - 21549 = 0. What are the prime factors of i?
2, 13, 383
Let g = -47 + 51. Suppose 6*h - 2*x - 77 = 5*h, 0 = g*x + 4. What are the prime factors of h?
3, 5
Suppose 5*h = -m + 12036, -5*m + 6*h = 9*h - 60312. What are the prime factors of m?
2, 3, 2011
Let l(q) = -2*q + 18. Let p be (-10)/(12/(-8) - -1). Suppose 3*c = -4*z - 3 + 19, -3*c - 5*z = -p. List the prime factors of l(c).
2, 3
Let n(l) = -l**3 - 22*l**2 + 15*l + 122. Let k be n(-16). Let r = k + 2776. What are the prime factors of r?
2, 3, 11, 17
Let n(j) be the first derivative of -15*j**2 - 140*j + 62. What are the prime factors of n(-22)?
2, 5, 13
List the prime factors of ((-59)/4)/(((-105)/(-20))/(-21))*601.
59, 601
What are the prime factors of (10/6 - 1)/(68/699924) - 4?
2, 3, 127
Let m = -44857 + 78656. What are the prime factors of m?
73, 463
Let x(m) = -2*m - 1. Let n be x(-2). Let k(q) be the first derivative of 3*q**4/4 - 5*q**3/3 - q**2/2 + 13*q + 118. List the prime factors of k(n).
2, 23
Let x(o) = 14*o**2 - 22*o + 19. Let r be (-60)/42 + 1 - (-195)/(-35). List the prime factors of x(r).
5, 131
Suppose 0 = -4*z - 4*o + 28 + 76, -5*o = 4*z - 99. What are the prime factors of z/(1705/53400) - (-2)/22?
971
Let o(i) be the third derivative of -7/6*i**3 + 0 + 0*i + 1/60*i**5 + 1/12*i**4 - i**2. What are the prime factors of o(-9)?
2, 7
Let a(q) = -3*q**2 + 2*q + 1. Let t be a(-1). Suppose w + h - 50 = -4*w, h = 0. Let z = t + w. What are the prime factors of z?
2, 3
Suppose -22*s - 3*s = 0. What are the prime factors of 32/(-8) - s - -1098?
2, 547
Suppose 5*d = 2*t + 52, t - 15 = -2*d - 4*t. Suppose -d*m = -8*m - 12. What are the prime factors of 347/4 + m/(-8)?
2, 43
Let r(g) = g**3 - 22*g**2 - 20*g - 76. Let o be r(23). What are the prime factors of o*((-1990)/35 + 5)?
3, 11
Let j = 939 + -505. Suppose g - 65 = j. List the prime factors of g.
499
Let p = 545 - 545. Suppose 1217 = 2*m + 5*o - p*o, 3*m + 4*o = 1836. What are the prime factors of m?
2, 7, 11
Let o(p) = 2*p**2 + 11*p - 4. Let a be o(-6). Let d(j) = -3 + 13*j**2 - 4*j + 8*j + a*j**3 - 3*j**3. What are the prime factors of d(13)?
7
Suppose 3*f - 3040 = -2*r, -77*r + 73*r = -5*f - 6036. List the prime factors of r.
2, 757
Let l(a) = 22*a**3 - 11*a**2 + 49*a - 74. What are the prime factors of l(4)?
2, 677
Let r = 104661 - 25027. What are the prime factors of r?
2, 29, 1373
Let u(h) = h**3 - 8*h**2 + 2*h - 6. Let r be u(8). Suppose 0 = 6*o - r*o + 20. Let n(d) = 7*d**2 - 15. List the prime factors of n(o).
2, 5
Suppose 4*v = m, -4*m + 25 = 3*v + 6. Let k(i) = 411*i**3 - 4*i**2 + 5*i - 2. Let y be k(v). Suppose -3*l = 149 - y. What are the prime factors of l?
3, 29
Let z(g) = g**2 - 10*g - 9. Let k be z(11). Suppose 356 = k*t + 2*l, -4*t + 3*l + 1104 - 357 = 0. What are the prime factors of t?
3, 61
Let z = 25 - 22. Suppose 3*x + 4 = z*o + 13, -17 = 4*o - 5*x. Suppose -3*c + 120 = o*w, -129 = -4*c + c + w. List the prime factors of c.
2, 3, 7
Let o(n) = 4*n - 9. Let j be o(3). List the prime factors of (-5646)/(-26) + 287/(-91) + j.
7, 31
Suppose 55*x - 2500 = 60*x. Let h = -340 - x. What are the prime factors of h?
2, 5
Suppose -d = -4*d + 5*y - 1, -d + y = -1. Suppose g = -4*k + 5*k - 621, -g + 1851 = d*k. What are the prime factors of k?
2, 3, 103
Let n be 32/(-40) - 8/(-10). Suppose 4*j = -4*s + 6*j + 6098, -5*s - j + 7640 = n. What are the prime factors of s?
3, 509
Suppose -4*w + 0*w + 44 = -2*c, 0 = -4*w - 4*c + 56. Suppose w*u + 432 = 14*u. List the prime factors of u.
2, 3
Let x be 6*(16 - 12 - 20/6). List the prime factors of -6 + 11 - (x - -45)*-11.
2, 17
Let v(p) = p**2 + 11*p + 6. Let c be v(-11). Let a(k) = 10*k - 58. Let i be a(c). List the prime factors of -17*(12 + -4)/(i - 3).
2, 17
Let k(r) = -791*r + 224. What are the prime factors of k(-12)?
2, 7, 347
Suppose -s + 16 = -5*r, r + 5 - 15 = -s. Suppose -s*i + 14*i - 5559 = 0. What are the prime factors of i?
17, 109
Let z = 45497 - 26854. List the prime factors of z.
103, 1